{"id":39190,"date":"2021-03-04T15:54:46","date_gmt":"2021-03-04T14:54:46","guid":{"rendered":"http:\/\/www.v-pro.be\/product\/stihl-sac-de-transport\/"},"modified":"2023-01-04T14:11:19","modified_gmt":"2023-01-04T13:11:19","slug":"stihl-sac-de-transport","status":"publish","type":"product","link":"https:\/\/v-pro.be\/fr\/produit\/stihl-sac-de-transport\/","title":{"rendered":"STIHL Sac de transport"},"content":{"rendered":"<p>Id\u00e9al pour le transport et le rangement de la machine avec les outils CombiSyst\u00e8me FS-KM ou HL-KM. Adapt\u00e9 aux mod\u00e8les KMA 130 R, HSA 66, HSA 86, HLA 65, BGA 85, BGA 100 et \u00e0 tous les moteurs CombiSyst\u00e8me avec poign\u00e9e circulaire.<\/p>\n","protected":false},"excerpt":{"rendered":"<p>Sac de transport<\/p>\n","protected":false},"featured_media":20791,"comment_status":"closed","ping_status":"open","template":"","meta":{"_acf_changed":false},"product_brand":[],"product_cat":[312,308],"product_tag":[],"class_list":["post-39190","product","type-product","status-publish","has-post-thumbnail","product_cat-combisysteme","product_cat-accumachines-fr","first","instock","taxable","shipping-taxable","purchasable","product-type-simple"],"acf":[],"yoast_head":"<!-- This site is optimized with the Yoast SEO plugin v28.3 - https:\/\/yoast.com\/product\/yoast-seo-wordpress\/ -->\n<title>STIHL Sac de transport - V-Pro<\/title>\n<meta name=\"robots\" content=\"index, follow, max-snippet:-1, max-image-preview:large, max-video-preview:-1\" \/>\n<link rel=\"canonical\" href=\"https:\/\/v-pro.be\/fr\/produit\/stihl-sac-de-transport\/\" \/>\n<meta property=\"og:locale\" content=\"fr_FR\" \/>\n<meta property=\"og:type\" content=\"article\" \/>\n<meta property=\"og:title\" content=\"STIHL Sac de transport - V-Pro\" \/>\n<meta property=\"og:url\" content=\"https:\/\/v-pro.be\/fr\/produit\/stihl-sac-de-transport\/\" \/>\n<meta property=\"og:site_name\" content=\"V-Pro\" \/>\n<meta property=\"article:modified_time\" content=\"2023-01-04T13:11:19+00:00\" \/>\n<meta property=\"og:image\" content=\"http:\/\/v-pro.be\/wp-content\/uploads\/2020\/03\/658669b13fcc4cec94a43b5da53049c4.jpg\" \/>\n\t<meta property=\"og:image:width\" content=\"270\" \/>\n\t<meta property=\"og:image:height\" content=\"175\" \/>\n\t<meta property=\"og:image:type\" content=\"image\/jpeg\" \/>\n<meta name=\"twitter:card\" content=\"summary_large_image\" \/>\n<script type=\"application\/ld+json\" class=\"yoast-schema-graph\">{\"@context\":\"https:\\\/\\\/schema.org\",\"@graph\":[{\"@type\":\"WebPage\",\"@id\":\"https:\\\/\\\/v-pro.be\\\/fr\\\/produit\\\/stihl-sac-de-transport\\\/\",\"url\":\"https:\\\/\\\/v-pro.be\\\/fr\\\/produit\\\/stihl-sac-de-transport\\\/\",\"name\":\"STIHL Sac de transport - V-Pro\",\"isPartOf\":{\"@id\":\"https:\\\/\\\/v-pro.be\\\/fr\\\/#website\"},\"primaryImageOfPage\":{\"@id\":\"https:\\\/\\\/v-pro.be\\\/fr\\\/produit\\\/stihl-sac-de-transport\\\/#primaryimage\"},\"image\":{\"@id\":\"https:\\\/\\\/v-pro.be\\\/fr\\\/produit\\\/stihl-sac-de-transport\\\/#primaryimage\"},\"thumbnailUrl\":\"https:\\\/\\\/v-pro.be\\\/wp-content\\\/uploads\\\/2020\\\/03\\\/658669b13fcc4cec94a43b5da53049c4.jpg\",\"datePublished\":\"2021-03-04T14:54:46+00:00\",\"dateModified\":\"2023-01-04T13:11:19+00:00\",\"breadcrumb\":{\"@id\":\"https:\\\/\\\/v-pro.be\\\/fr\\\/produit\\\/stihl-sac-de-transport\\\/#breadcrumb\"},\"inLanguage\":\"fr-FR\",\"potentialAction\":[{\"@type\":\"ReadAction\",\"target\":[\"https:\\\/\\\/v-pro.be\\\/fr\\\/produit\\\/stihl-sac-de-transport\\\/\"]}]},{\"@type\":\"ImageObject\",\"inLanguage\":\"fr-FR\",\"@id\":\"https:\\\/\\\/v-pro.be\\\/fr\\\/produit\\\/stihl-sac-de-transport\\\/#primaryimage\",\"url\":\"https:\\\/\\\/v-pro.be\\\/wp-content\\\/uploads\\\/2020\\\/03\\\/658669b13fcc4cec94a43b5da53049c4.jpg\",\"contentUrl\":\"https:\\\/\\\/v-pro.be\\\/wp-content\\\/uploads\\\/2020\\\/03\\\/658669b13fcc4cec94a43b5da53049c4.jpg\",\"width\":270,\"height\":175},{\"@type\":\"BreadcrumbList\",\"@id\":\"https:\\\/\\\/v-pro.be\\\/fr\\\/produit\\\/stihl-sac-de-transport\\\/#breadcrumb\",\"itemListElement\":[{\"@type\":\"ListItem\",\"position\":1,\"name\":\"Home\",\"item\":\"https:\\\/\\\/v-pro.be\\\/fr\\\/\"},{\"@type\":\"ListItem\",\"position\":2,\"name\":\"CombiSyst\u00e8me\",\"item\":\"https:\\\/\\\/v-pro.be\\\/fr\\\/producten\\\/combisysteme\\\/\"},{\"@type\":\"ListItem\",\"position\":3,\"name\":\"STIHL Sac de transport\"}]},{\"@type\":\"WebSite\",\"@id\":\"https:\\\/\\\/v-pro.be\\\/fr\\\/#website\",\"url\":\"https:\\\/\\\/v-pro.be\\\/fr\\\/\",\"name\":\"V-Pro\",\"description\":\"De tuinzaak bij uitstek\",\"publisher\":{\"@id\":\"https:\\\/\\\/v-pro.be\\\/fr\\\/#organization\"},\"potentialAction\":[{\"@type\":\"SearchAction\",\"target\":{\"@type\":\"EntryPoint\",\"urlTemplate\":\"https:\\\/\\\/v-pro.be\\\/fr\\\/?s={search_term_string}\"},\"query-input\":{\"@type\":\"PropertyValueSpecification\",\"valueRequired\":true,\"valueName\":\"search_term_string\"}}],\"inLanguage\":\"fr-FR\"},{\"@type\":\"Organization\",\"@id\":\"https:\\\/\\\/v-pro.be\\\/fr\\\/#organization\",\"name\":\"V-Pro Power Equipment\",\"url\":\"https:\\\/\\\/v-pro.be\\\/fr\\\/\",\"logo\":{\"@type\":\"ImageObject\",\"inLanguage\":\"fr-FR\",\"@id\":\"https:\\\/\\\/v-pro.be\\\/fr\\\/#\\\/schema\\\/logo\\\/image\\\/\",\"url\":\"https:\\\/\\\/v-pro.be\\\/wp-content\\\/uploads\\\/2020\\\/01\\\/logo_vpro.png\",\"contentUrl\":\"https:\\\/\\\/v-pro.be\\\/wp-content\\\/uploads\\\/2020\\\/01\\\/logo_vpro.png\",\"width\":867,\"height\":434,\"caption\":\"V-Pro Power Equipment\"},\"image\":{\"@id\":\"https:\\\/\\\/v-pro.be\\\/fr\\\/#\\\/schema\\\/logo\\\/image\\\/\"}}]}<\/script>\n<!-- \/ Yoast SEO plugin. -->","yoast_head_json":{"title":"STIHL Sac de transport - V-Pro","robots":{"index":"index","follow":"follow","max-snippet":"max-snippet:-1","max-image-preview":"max-image-preview:large","max-video-preview":"max-video-preview:-1"},"canonical":"https:\/\/v-pro.be\/fr\/produit\/stihl-sac-de-transport\/","og_locale":"fr_FR","og_type":"article","og_title":"STIHL Sac de transport - V-Pro","og_url":"https:\/\/v-pro.be\/fr\/produit\/stihl-sac-de-transport\/","og_site_name":"V-Pro","article_modified_time":"2023-01-04T13:11:19+00:00","og_image":[{"width":270,"height":175,"url":"http:\/\/v-pro.be\/wp-content\/uploads\/2020\/03\/658669b13fcc4cec94a43b5da53049c4.jpg","type":"image\/jpeg"}],"twitter_card":"summary_large_image","schema":{"@context":"https:\/\/schema.org","@graph":[{"@type":"WebPage","@id":"https:\/\/v-pro.be\/fr\/produit\/stihl-sac-de-transport\/","url":"https:\/\/v-pro.be\/fr\/produit\/stihl-sac-de-transport\/","name":"STIHL Sac de transport - V-Pro","isPartOf":{"@id":"https:\/\/v-pro.be\/fr\/#website"},"primaryImageOfPage":{"@id":"https:\/\/v-pro.be\/fr\/produit\/stihl-sac-de-transport\/#primaryimage"},"image":{"@id":"https:\/\/v-pro.be\/fr\/produit\/stihl-sac-de-transport\/#primaryimage"},"thumbnailUrl":"https:\/\/v-pro.be\/wp-content\/uploads\/2020\/03\/658669b13fcc4cec94a43b5da53049c4.jpg","datePublished":"2021-03-04T14:54:46+00:00","dateModified":"2023-01-04T13:11:19+00:00","breadcrumb":{"@id":"https:\/\/v-pro.be\/fr\/produit\/stihl-sac-de-transport\/#breadcrumb"},"inLanguage":"fr-FR","potentialAction":[{"@type":"ReadAction","target":["https:\/\/v-pro.be\/fr\/produit\/stihl-sac-de-transport\/"]}]},{"@type":"ImageObject","inLanguage":"fr-FR","@id":"https:\/\/v-pro.be\/fr\/produit\/stihl-sac-de-transport\/#primaryimage","url":"https:\/\/v-pro.be\/wp-content\/uploads\/2020\/03\/658669b13fcc4cec94a43b5da53049c4.jpg","contentUrl":"https:\/\/v-pro.be\/wp-content\/uploads\/2020\/03\/658669b13fcc4cec94a43b5da53049c4.jpg","width":270,"height":175},{"@type":"BreadcrumbList","@id":"https:\/\/v-pro.be\/fr\/produit\/stihl-sac-de-transport\/#breadcrumb","itemListElement":[{"@type":"ListItem","position":1,"name":"Home","item":"https:\/\/v-pro.be\/fr\/"},{"@type":"ListItem","position":2,"name":"CombiSyst\u00e8me","item":"https:\/\/v-pro.be\/fr\/producten\/combisysteme\/"},{"@type":"ListItem","position":3,"name":"STIHL Sac de transport"}]},{"@type":"WebSite","@id":"https:\/\/v-pro.be\/fr\/#website","url":"https:\/\/v-pro.be\/fr\/","name":"V-Pro","description":"De tuinzaak bij uitstek","publisher":{"@id":"https:\/\/v-pro.be\/fr\/#organization"},"potentialAction":[{"@type":"SearchAction","target":{"@type":"EntryPoint","urlTemplate":"https:\/\/v-pro.be\/fr\/?s={search_term_string}"},"query-input":{"@type":"PropertyValueSpecification","valueRequired":true,"valueName":"search_term_string"}}],"inLanguage":"fr-FR"},{"@type":"Organization","@id":"https:\/\/v-pro.be\/fr\/#organization","name":"V-Pro Power Equipment","url":"https:\/\/v-pro.be\/fr\/","logo":{"@type":"ImageObject","inLanguage":"fr-FR","@id":"https:\/\/v-pro.be\/fr\/#\/schema\/logo\/image\/","url":"https:\/\/v-pro.be\/wp-content\/uploads\/2020\/01\/logo_vpro.png","contentUrl":"https:\/\/v-pro.be\/wp-content\/uploads\/2020\/01\/logo_vpro.png","width":867,"height":434,"caption":"V-Pro Power Equipment"},"image":{"@id":"https:\/\/v-pro.be\/fr\/#\/schema\/logo\/image\/"}}]}},"_links":{"self":[{"href":"https:\/\/v-pro.be\/fr\/wp-json\/wp\/v2\/product\/39190","targetHints":{"allow":["GET"]}}],"collection":[{"href":"https:\/\/v-pro.be\/fr\/wp-json\/wp\/v2\/product"}],"about":[{"href":"https:\/\/v-pro.be\/fr\/wp-json\/wp\/v2\/types\/product"}],"replies":[{"embeddable":true,"href":"https:\/\/v-pro.be\/fr\/wp-json\/wp\/v2\/comments?post=39190"}],"wp:featuredmedia":[{"embeddable":true,"href":"https:\/\/v-pro.be\/fr\/wp-json\/wp\/v2\/media\/20791"}],"wp:attachment":[{"href":"https:\/\/v-pro.be\/fr\/wp-json\/wp\/v2\/media?parent=39190"}],"wp:term":[{"taxonomy":"product_brand","embeddable":true,"href":"https:\/\/v-pro.be\/fr\/wp-json\/wp\/v2\/product_brand?post=39190"},{"taxonomy":"product_cat","embeddable":true,"href":"https:\/\/v-pro.be\/fr\/wp-json\/wp\/v2\/product_cat?post=39190"},{"taxonomy":"product_tag","embeddable":true,"href":"https:\/\/v-pro.be\/fr\/wp-json\/wp\/v2\/product_tag?post=39190"}],"curies":[{"name":"wp","href":"https:\/\/api.w.org\/{rel}","templated":true}]}}

<p>Idéal pour le transport et le rangement de la machine avec les outils CombiSystème FS-KM ou HL-KM. Adapté aux modèles KMA 130 R, HSA 66, HSA 86, HLA 65, BGA 85, BGA 100 et à tous les moteurs CombiSystème avec poignée circulaire.</p>

<!-- This site is optimized with the Yoast SEO plugin v28.3 - https://yoast.com/product/yoast-seo-wordpress/ -->
<title>STIHL Sac de transport - V-Pro</title>
<meta name="robots" content="index, follow, max-snippet:-1, max-image-preview:large, max-video-preview:-1" />
<link rel="canonical" href="https://v-pro.be/fr/produit/stihl-sac-de-transport/" />
<meta property="og:locale" content="fr_FR" />
<meta property="og:type" content="article" />
<meta property="og:title" content="STIHL Sac de transport - V-Pro" />
<meta property="og:url" content="https://v-pro.be/fr/produit/stihl-sac-de-transport/" />
<meta property="og:site_name" content="V-Pro" />
<meta property="article:modified_time" content="2023-01-04T13:11:19+00:00" />
<meta property="og:image" content="http://v-pro.be/wp-content/uploads/2020/03/658669b13fcc4cec94a43b5da53049c4.jpg" />
	<meta property="og:image:width" content="270" />
	<meta property="og:image:height" content="175" />
	<meta property="og:image:type" content="image/jpeg" />
<meta name="twitter:card" content="summary_large_image" />
<script type="application/ld+json" class="yoast-schema-graph">{"@context":"https:\/\/schema.org","@graph":[{"@type":"WebPage","@id":"https:\/\/v-pro.be\/fr\/produit\/stihl-sac-de-transport\/","url":"https:\/\/v-pro.be\/fr\/produit\/stihl-sac-de-transport\/","name":"STIHL Sac de transport - V-Pro","isPartOf":{"@id":"https:\/\/v-pro.be\/fr\/#website"},"primaryImageOfPage":{"@id":"https:\/\/v-pro.be\/fr\/produit\/stihl-sac-de-transport\/#primaryimage"},"image":{"@id":"https:\/\/v-pro.be\/fr\/produit\/stihl-sac-de-transport\/#primaryimage"},"thumbnailUrl":"https:\/\/v-pro.be\/wp-content\/uploads\/2020\/03\/658669b13fcc4cec94a43b5da53049c4.jpg","datePublished":"2021-03-04T14:54:46+00:00","dateModified":"2023-01-04T13:11:19+00:00","breadcrumb":{"@id":"https:\/\/v-pro.be\/fr\/produit\/stihl-sac-de-transport\/#breadcrumb"},"inLanguage":"fr-FR","potentialAction":[{"@type":"ReadAction","target":["https:\/\/v-pro.be\/fr\/produit\/stihl-sac-de-transport\/"]}]},{"@type":"ImageObject","inLanguage":"fr-FR","@id":"https:\/\/v-pro.be\/fr\/produit\/stihl-sac-de-transport\/#primaryimage","url":"https:\/\/v-pro.be\/wp-content\/uploads\/2020\/03\/658669b13fcc4cec94a43b5da53049c4.jpg","contentUrl":"https:\/\/v-pro.be\/wp-content\/uploads\/2020\/03\/658669b13fcc4cec94a43b5da53049c4.jpg","width":270,"height":175},{"@type":"BreadcrumbList","@id":"https:\/\/v-pro.be\/fr\/produit\/stihl-sac-de-transport\/#breadcrumb","itemListElement":[{"@type":"ListItem","position":1,"name":"Home","item":"https:\/\/v-pro.be\/fr\/"},{"@type":"ListItem","position":2,"name":"CombiSystème","item":"https:\/\/v-pro.be\/fr\/producten\/combisysteme\/"},{"@type":"ListItem","position":3,"name":"STIHL Sac de transport"}]},{"@type":"WebSite","@id":"https:\/\/v-pro.be\/fr\/#website","url":"https:\/\/v-pro.be\/fr\/","name":"V-Pro","description":"De tuinzaak bij uitstek","publisher":{"@id":"https:\/\/v-pro.be\/fr\/#organization"},"potentialAction":[{"@type":"SearchAction","target":{"@type":"EntryPoint","urlTemplate":"https:\/\/v-pro.be\/fr\/?s={search_term_string}"},"query-input":{"@type":"PropertyValueSpecification","valueRequired":true,"valueName":"search_term_string"}}],"inLanguage":"fr-FR"},{"@type":"Organization","@id":"https:\/\/v-pro.be\/fr\/#organization","name":"V-Pro Power Equipment","url":"https:\/\/v-pro.be\/fr\/","logo":{"@type":"ImageObject","inLanguage":"fr-FR","@id":"https:\/\/v-pro.be\/fr\/#\/schema\/logo\/image\/","url":"https:\/\/v-pro.be\/wp-content\/uploads\/2020\/01\/logo_vpro.png","contentUrl":"https:\/\/v-pro.be\/wp-content\/uploads\/2020\/01\/logo_vpro.png","width":867,"height":434,"caption":"V-Pro Power Equipment"},"image":{"@id":"https:\/\/v-pro.be\/fr\/#\/schema\/logo\/image\/"}}]}</script>
<!-- / Yoast SEO plugin. -->

CombiSystème
