{"id":39909,"date":"2021-03-04T16:17:02","date_gmt":"2021-03-04T15:17:02","guid":{"rendered":"http:\/\/www.v-pro.be\/product\/stihl-protection-o-305-mm-2\/"},"modified":"2021-03-05T10:57:52","modified_gmt":"2021-03-05T09:57:52","slug":"stihl-protection-o-305-mm-2","status":"publish","type":"product","link":"https:\/\/v-pro.be\/fr\/produit\/stihl-protection-o-305-mm-2\/","title":{"rendered":"STIHL Protection, \u00d8 305 mm"},"content":{"rendered":"<p>Protection contre les projections de brins d&rsquo;herbe coup\u00e9s avec les outils de coupe en m\u00e9tal. Pas pour les scies circulaire.<\/p>\n","protected":false},"excerpt":{"rendered":"<p>Protection, \u00d8 305 mm<\/p>\n","protected":false},"featured_media":20654,"comment_status":"closed","ping_status":"open","template":"","meta":{"_acf_changed":false},"product_brand":[],"product_cat":[317],"product_tag":[],"class_list":["post-39909","product","type-product","status-publish","has-post-thumbnail","product_cat-coupe-bordures-et-debroussailleuses","first","instock","taxable","shipping-taxable","purchasable","product-type-simple"],"acf":[],"yoast_head":"<!-- This site is optimized with the Yoast SEO plugin v28.3 - https:\/\/yoast.com\/product\/yoast-seo-wordpress\/ -->\n<title>STIHL Protection, \u00d8 305 mm - V-Pro<\/title>\n<meta name=\"robots\" content=\"index, follow, max-snippet:-1, max-image-preview:large, max-video-preview:-1\" \/>\n<link rel=\"canonical\" href=\"https:\/\/v-pro.be\/fr\/produit\/stihl-protection-o-305-mm-2\/\" \/>\n<meta property=\"og:locale\" content=\"fr_FR\" \/>\n<meta property=\"og:type\" content=\"article\" \/>\n<meta property=\"og:title\" content=\"STIHL Protection, \u00d8 305 mm - V-Pro\" \/>\n<meta property=\"og:url\" content=\"https:\/\/v-pro.be\/fr\/produit\/stihl-protection-o-305-mm-2\/\" \/>\n<meta property=\"og:site_name\" content=\"V-Pro\" \/>\n<meta property=\"article:modified_time\" content=\"2021-03-05T09:57:52+00:00\" \/>\n<meta property=\"og:image\" content=\"https:\/\/v-pro.be\/wp-content\/uploads\/2020\/03\/d3005376d2cc43768a7bb74da996dbc6.jpg\" \/>\n\t<meta property=\"og:image:width\" content=\"270\" \/>\n\t<meta property=\"og:image:height\" content=\"270\" \/>\n\t<meta property=\"og:image:type\" content=\"image\/jpeg\" \/>\n<meta name=\"twitter:card\" content=\"summary_large_image\" \/>\n<script type=\"application\/ld+json\" class=\"yoast-schema-graph\">{\"@context\":\"https:\\\/\\\/schema.org\",\"@graph\":[{\"@type\":\"WebPage\",\"@id\":\"https:\\\/\\\/v-pro.be\\\/fr\\\/produit\\\/stihl-protection-o-305-mm-2\\\/\",\"url\":\"https:\\\/\\\/v-pro.be\\\/fr\\\/produit\\\/stihl-protection-o-305-mm-2\\\/\",\"name\":\"STIHL Protection, \u00d8 305 mm - V-Pro\",\"isPartOf\":{\"@id\":\"https:\\\/\\\/v-pro.be\\\/fr\\\/#website\"},\"primaryImageOfPage\":{\"@id\":\"https:\\\/\\\/v-pro.be\\\/fr\\\/produit\\\/stihl-protection-o-305-mm-2\\\/#primaryimage\"},\"image\":{\"@id\":\"https:\\\/\\\/v-pro.be\\\/fr\\\/produit\\\/stihl-protection-o-305-mm-2\\\/#primaryimage\"},\"thumbnailUrl\":\"https:\\\/\\\/v-pro.be\\\/wp-content\\\/uploads\\\/2020\\\/03\\\/d3005376d2cc43768a7bb74da996dbc6.jpg\",\"datePublished\":\"2021-03-04T15:17:02+00:00\",\"dateModified\":\"2021-03-05T09:57:52+00:00\",\"breadcrumb\":{\"@id\":\"https:\\\/\\\/v-pro.be\\\/fr\\\/produit\\\/stihl-protection-o-305-mm-2\\\/#breadcrumb\"},\"inLanguage\":\"fr-FR\",\"potentialAction\":[{\"@type\":\"ReadAction\",\"target\":[\"https:\\\/\\\/v-pro.be\\\/fr\\\/produit\\\/stihl-protection-o-305-mm-2\\\/\"]}]},{\"@type\":\"ImageObject\",\"inLanguage\":\"fr-FR\",\"@id\":\"https:\\\/\\\/v-pro.be\\\/fr\\\/produit\\\/stihl-protection-o-305-mm-2\\\/#primaryimage\",\"url\":\"https:\\\/\\\/v-pro.be\\\/wp-content\\\/uploads\\\/2020\\\/03\\\/d3005376d2cc43768a7bb74da996dbc6.jpg\",\"contentUrl\":\"https:\\\/\\\/v-pro.be\\\/wp-content\\\/uploads\\\/2020\\\/03\\\/d3005376d2cc43768a7bb74da996dbc6.jpg\",\"width\":270,\"height\":270},{\"@type\":\"BreadcrumbList\",\"@id\":\"https:\\\/\\\/v-pro.be\\\/fr\\\/produit\\\/stihl-protection-o-305-mm-2\\\/#breadcrumb\",\"itemListElement\":[{\"@type\":\"ListItem\",\"position\":1,\"name\":\"Home\",\"item\":\"https:\\\/\\\/v-pro.be\\\/fr\\\/\"},{\"@type\":\"ListItem\",\"position\":2,\"name\":\"Coupe-bordures et d\u00e9broussailleuses\",\"item\":\"https:\\\/\\\/v-pro.be\\\/fr\\\/producten\\\/coupe-bordures-et-debroussailleuses\\\/\"},{\"@type\":\"ListItem\",\"position\":3,\"name\":\"STIHL Protection, \u00d8 305 mm\"}]},{\"@type\":\"WebSite\",\"@id\":\"https:\\\/\\\/v-pro.be\\\/fr\\\/#website\",\"url\":\"https:\\\/\\\/v-pro.be\\\/fr\\\/\",\"name\":\"V-Pro\",\"description\":\"De tuinzaak bij uitstek\",\"publisher\":{\"@id\":\"https:\\\/\\\/v-pro.be\\\/fr\\\/#organization\"},\"potentialAction\":[{\"@type\":\"SearchAction\",\"target\":{\"@type\":\"EntryPoint\",\"urlTemplate\":\"https:\\\/\\\/v-pro.be\\\/fr\\\/?s={search_term_string}\"},\"query-input\":{\"@type\":\"PropertyValueSpecification\",\"valueRequired\":true,\"valueName\":\"search_term_string\"}}],\"inLanguage\":\"fr-FR\"},{\"@type\":\"Organization\",\"@id\":\"https:\\\/\\\/v-pro.be\\\/fr\\\/#organization\",\"name\":\"V-Pro Power Equipment\",\"url\":\"https:\\\/\\\/v-pro.be\\\/fr\\\/\",\"logo\":{\"@type\":\"ImageObject\",\"inLanguage\":\"fr-FR\",\"@id\":\"https:\\\/\\\/v-pro.be\\\/fr\\\/#\\\/schema\\\/logo\\\/image\\\/\",\"url\":\"https:\\\/\\\/v-pro.be\\\/wp-content\\\/uploads\\\/2020\\\/01\\\/logo_vpro.png\",\"contentUrl\":\"https:\\\/\\\/v-pro.be\\\/wp-content\\\/uploads\\\/2020\\\/01\\\/logo_vpro.png\",\"width\":867,\"height\":434,\"caption\":\"V-Pro Power Equipment\"},\"image\":{\"@id\":\"https:\\\/\\\/v-pro.be\\\/fr\\\/#\\\/schema\\\/logo\\\/image\\\/\"}}]}<\/script>\n<!-- \/ Yoast SEO plugin. -->","yoast_head_json":{"title":"STIHL Protection, \u00d8 305 mm - V-Pro","robots":{"index":"index","follow":"follow","max-snippet":"max-snippet:-1","max-image-preview":"max-image-preview:large","max-video-preview":"max-video-preview:-1"},"canonical":"https:\/\/v-pro.be\/fr\/produit\/stihl-protection-o-305-mm-2\/","og_locale":"fr_FR","og_type":"article","og_title":"STIHL Protection, \u00d8 305 mm - V-Pro","og_url":"https:\/\/v-pro.be\/fr\/produit\/stihl-protection-o-305-mm-2\/","og_site_name":"V-Pro","article_modified_time":"2021-03-05T09:57:52+00:00","og_image":[{"width":270,"height":270,"url":"https:\/\/v-pro.be\/wp-content\/uploads\/2020\/03\/d3005376d2cc43768a7bb74da996dbc6.jpg","type":"image\/jpeg"}],"twitter_card":"summary_large_image","schema":{"@context":"https:\/\/schema.org","@graph":[{"@type":"WebPage","@id":"https:\/\/v-pro.be\/fr\/produit\/stihl-protection-o-305-mm-2\/","url":"https:\/\/v-pro.be\/fr\/produit\/stihl-protection-o-305-mm-2\/","name":"STIHL Protection, \u00d8 305 mm - V-Pro","isPartOf":{"@id":"https:\/\/v-pro.be\/fr\/#website"},"primaryImageOfPage":{"@id":"https:\/\/v-pro.be\/fr\/produit\/stihl-protection-o-305-mm-2\/#primaryimage"},"image":{"@id":"https:\/\/v-pro.be\/fr\/produit\/stihl-protection-o-305-mm-2\/#primaryimage"},"thumbnailUrl":"https:\/\/v-pro.be\/wp-content\/uploads\/2020\/03\/d3005376d2cc43768a7bb74da996dbc6.jpg","datePublished":"2021-03-04T15:17:02+00:00","dateModified":"2021-03-05T09:57:52+00:00","breadcrumb":{"@id":"https:\/\/v-pro.be\/fr\/produit\/stihl-protection-o-305-mm-2\/#breadcrumb"},"inLanguage":"fr-FR","potentialAction":[{"@type":"ReadAction","target":["https:\/\/v-pro.be\/fr\/produit\/stihl-protection-o-305-mm-2\/"]}]},{"@type":"ImageObject","inLanguage":"fr-FR","@id":"https:\/\/v-pro.be\/fr\/produit\/stihl-protection-o-305-mm-2\/#primaryimage","url":"https:\/\/v-pro.be\/wp-content\/uploads\/2020\/03\/d3005376d2cc43768a7bb74da996dbc6.jpg","contentUrl":"https:\/\/v-pro.be\/wp-content\/uploads\/2020\/03\/d3005376d2cc43768a7bb74da996dbc6.jpg","width":270,"height":270},{"@type":"BreadcrumbList","@id":"https:\/\/v-pro.be\/fr\/produit\/stihl-protection-o-305-mm-2\/#breadcrumb","itemListElement":[{"@type":"ListItem","position":1,"name":"Home","item":"https:\/\/v-pro.be\/fr\/"},{"@type":"ListItem","position":2,"name":"Coupe-bordures et d\u00e9broussailleuses","item":"https:\/\/v-pro.be\/fr\/producten\/coupe-bordures-et-debroussailleuses\/"},{"@type":"ListItem","position":3,"name":"STIHL Protection, \u00d8 305 mm"}]},{"@type":"WebSite","@id":"https:\/\/v-pro.be\/fr\/#website","url":"https:\/\/v-pro.be\/fr\/","name":"V-Pro","description":"De tuinzaak bij uitstek","publisher":{"@id":"https:\/\/v-pro.be\/fr\/#organization"},"potentialAction":[{"@type":"SearchAction","target":{"@type":"EntryPoint","urlTemplate":"https:\/\/v-pro.be\/fr\/?s={search_term_string}"},"query-input":{"@type":"PropertyValueSpecification","valueRequired":true,"valueName":"search_term_string"}}],"inLanguage":"fr-FR"},{"@type":"Organization","@id":"https:\/\/v-pro.be\/fr\/#organization","name":"V-Pro Power Equipment","url":"https:\/\/v-pro.be\/fr\/","logo":{"@type":"ImageObject","inLanguage":"fr-FR","@id":"https:\/\/v-pro.be\/fr\/#\/schema\/logo\/image\/","url":"https:\/\/v-pro.be\/wp-content\/uploads\/2020\/01\/logo_vpro.png","contentUrl":"https:\/\/v-pro.be\/wp-content\/uploads\/2020\/01\/logo_vpro.png","width":867,"height":434,"caption":"V-Pro Power Equipment"},"image":{"@id":"https:\/\/v-pro.be\/fr\/#\/schema\/logo\/image\/"}}]}},"_links":{"self":[{"href":"https:\/\/v-pro.be\/fr\/wp-json\/wp\/v2\/product\/39909","targetHints":{"allow":["GET"]}}],"collection":[{"href":"https:\/\/v-pro.be\/fr\/wp-json\/wp\/v2\/product"}],"about":[{"href":"https:\/\/v-pro.be\/fr\/wp-json\/wp\/v2\/types\/product"}],"replies":[{"embeddable":true,"href":"https:\/\/v-pro.be\/fr\/wp-json\/wp\/v2\/comments?post=39909"}],"wp:featuredmedia":[{"embeddable":true,"href":"https:\/\/v-pro.be\/fr\/wp-json\/wp\/v2\/media\/20654"}],"wp:attachment":[{"href":"https:\/\/v-pro.be\/fr\/wp-json\/wp\/v2\/media?parent=39909"}],"wp:term":[{"taxonomy":"product_brand","embeddable":true,"href":"https:\/\/v-pro.be\/fr\/wp-json\/wp\/v2\/product_brand?post=39909"},{"taxonomy":"product_cat","embeddable":true,"href":"https:\/\/v-pro.be\/fr\/wp-json\/wp\/v2\/product_cat?post=39909"},{"taxonomy":"product_tag","embeddable":true,"href":"https:\/\/v-pro.be\/fr\/wp-json\/wp\/v2\/product_tag?post=39909"}],"curies":[{"name":"wp","href":"https:\/\/api.w.org\/{rel}","templated":true}]}}

STIHL Protection, Ø 305 mm

<p>Protection contre les projections de brins d&rsquo;herbe coupés avec les outils de coupe en métal. Pas pour les scies circulaire.</p>

<p>Protection, Ø 305 mm</p>

<!-- This site is optimized with the Yoast SEO plugin v28.3 - https://yoast.com/product/yoast-seo-wordpress/ -->
<title>STIHL Protection, Ø 305 mm - V-Pro</title>
<meta name="robots" content="index, follow, max-snippet:-1, max-image-preview:large, max-video-preview:-1" />
<link rel="canonical" href="https://v-pro.be/fr/produit/stihl-protection-o-305-mm-2/" />
<meta property="og:locale" content="fr_FR" />
<meta property="og:type" content="article" />
<meta property="og:title" content="STIHL Protection, Ø 305 mm - V-Pro" />
<meta property="og:url" content="https://v-pro.be/fr/produit/stihl-protection-o-305-mm-2/" />
<meta property="og:site_name" content="V-Pro" />
<meta property="article:modified_time" content="2021-03-05T09:57:52+00:00" />
<meta property="og:image" content="https://v-pro.be/wp-content/uploads/2020/03/d3005376d2cc43768a7bb74da996dbc6.jpg" />
	<meta property="og:image:width" content="270" />
	<meta property="og:image:height" content="270" />
	<meta property="og:image:type" content="image/jpeg" />
<meta name="twitter:card" content="summary_large_image" />
<script type="application/ld+json" class="yoast-schema-graph">{"@context":"https:\/\/schema.org","@graph":[{"@type":"WebPage","@id":"https:\/\/v-pro.be\/fr\/produit\/stihl-protection-o-305-mm-2\/","url":"https:\/\/v-pro.be\/fr\/produit\/stihl-protection-o-305-mm-2\/","name":"STIHL Protection, Ø 305 mm - V-Pro","isPartOf":{"@id":"https:\/\/v-pro.be\/fr\/#website"},"primaryImageOfPage":{"@id":"https:\/\/v-pro.be\/fr\/produit\/stihl-protection-o-305-mm-2\/#primaryimage"},"image":{"@id":"https:\/\/v-pro.be\/fr\/produit\/stihl-protection-o-305-mm-2\/#primaryimage"},"thumbnailUrl":"https:\/\/v-pro.be\/wp-content\/uploads\/2020\/03\/d3005376d2cc43768a7bb74da996dbc6.jpg","datePublished":"2021-03-04T15:17:02+00:00","dateModified":"2021-03-05T09:57:52+00:00","breadcrumb":{"@id":"https:\/\/v-pro.be\/fr\/produit\/stihl-protection-o-305-mm-2\/#breadcrumb"},"inLanguage":"fr-FR","potentialAction":[{"@type":"ReadAction","target":["https:\/\/v-pro.be\/fr\/produit\/stihl-protection-o-305-mm-2\/"]}]},{"@type":"ImageObject","inLanguage":"fr-FR","@id":"https:\/\/v-pro.be\/fr\/produit\/stihl-protection-o-305-mm-2\/#primaryimage","url":"https:\/\/v-pro.be\/wp-content\/uploads\/2020\/03\/d3005376d2cc43768a7bb74da996dbc6.jpg","contentUrl":"https:\/\/v-pro.be\/wp-content\/uploads\/2020\/03\/d3005376d2cc43768a7bb74da996dbc6.jpg","width":270,"height":270},{"@type":"BreadcrumbList","@id":"https:\/\/v-pro.be\/fr\/produit\/stihl-protection-o-305-mm-2\/#breadcrumb","itemListElement":[{"@type":"ListItem","position":1,"name":"Home","item":"https:\/\/v-pro.be\/fr\/"},{"@type":"ListItem","position":2,"name":"Coupe-bordures et débroussailleuses","item":"https:\/\/v-pro.be\/fr\/producten\/coupe-bordures-et-debroussailleuses\/"},{"@type":"ListItem","position":3,"name":"STIHL Protection, Ø 305 mm"}]},{"@type":"WebSite","@id":"https:\/\/v-pro.be\/fr\/#website","url":"https:\/\/v-pro.be\/fr\/","name":"V-Pro","description":"De tuinzaak bij uitstek","publisher":{"@id":"https:\/\/v-pro.be\/fr\/#organization"},"potentialAction":[{"@type":"SearchAction","target":{"@type":"EntryPoint","urlTemplate":"https:\/\/v-pro.be\/fr\/?s={search_term_string}"},"query-input":{"@type":"PropertyValueSpecification","valueRequired":true,"valueName":"search_term_string"}}],"inLanguage":"fr-FR"},{"@type":"Organization","@id":"https:\/\/v-pro.be\/fr\/#organization","name":"V-Pro Power Equipment","url":"https:\/\/v-pro.be\/fr\/","logo":{"@type":"ImageObject","inLanguage":"fr-FR","@id":"https:\/\/v-pro.be\/fr\/#\/schema\/logo\/image\/","url":"https:\/\/v-pro.be\/wp-content\/uploads\/2020\/01\/logo_vpro.png","contentUrl":"https:\/\/v-pro.be\/wp-content\/uploads\/2020\/01\/logo_vpro.png","width":867,"height":434,"caption":"V-Pro Power Equipment"},"image":{"@id":"https:\/\/v-pro.be\/fr\/#\/schema\/logo\/image\/"}}]}</script>
<!-- / Yoast SEO plugin. -->

STIHL Protection, Ø 305 mm - V-Pro

Coupe-bordures et débroussailleuses
