{"id":40053,"date":"2021-03-04T16:22:02","date_gmt":"2021-03-04T15:22:02","guid":{"rendered":"http:\/\/www.v-pro.be\/product\/stihl-km-56-rc-e\/"},"modified":"2023-01-04T13:46:30","modified_gmt":"2023-01-04T12:46:30","slug":"stihl-km-56-rc-e","status":"publish","type":"product","link":"https:\/\/v-pro.be\/fr\/produit\/stihl-km-56-rc-e\/","title":{"rendered":"STIHL KM 56 RC-E"},"content":{"rendered":"<p>Moteur CombiSyst\u00e8me l\u00e9ger, facile \u00e0 manier avec poign\u00e9e circulaire pour un usage universel. Avec proc\u00e9dure de d\u00e9marrage simplifi\u00e9e. Confort de d\u00e9marrage augment\u00e9 par l&rsquo;ErgoStart (E). Facile \u00e0 transporter et \u00e0 ranger. Raccord \u00e0 accouplement rapide pour le remplacement rapide de l&rsquo;outil. Adapt\u00e9e pour tous les outils combi.<\/p>\n","protected":false},"excerpt":{"rendered":"<p>KM 56 RC-E<\/p>\n","protected":false},"featured_media":22282,"comment_status":"closed","ping_status":"open","template":"","meta":{"_acf_changed":false},"product_brand":[],"product_cat":[312],"product_tag":[],"class_list":["post-40053","product","type-product","status-publish","has-post-thumbnail","product_cat-combisysteme","first","instock","taxable","shipping-taxable","purchasable","product-type-simple"],"acf":[],"yoast_head":"<!-- This site is optimized with the Yoast SEO plugin v28.3 - https:\/\/yoast.com\/product\/yoast-seo-wordpress\/ -->\n<title>STIHL KM 56 RC-E - V-Pro<\/title>\n<meta name=\"robots\" content=\"index, follow, max-snippet:-1, max-image-preview:large, max-video-preview:-1\" \/>\n<link rel=\"canonical\" href=\"https:\/\/v-pro.be\/fr\/produit\/stihl-km-56-rc-e\/\" \/>\n<meta property=\"og:locale\" content=\"fr_FR\" \/>\n<meta property=\"og:type\" content=\"article\" \/>\n<meta property=\"og:title\" content=\"STIHL KM 56 RC-E - V-Pro\" \/>\n<meta property=\"og:url\" content=\"https:\/\/v-pro.be\/fr\/produit\/stihl-km-56-rc-e\/\" \/>\n<meta property=\"og:site_name\" content=\"V-Pro\" \/>\n<meta property=\"article:modified_time\" content=\"2023-01-04T12:46:30+00:00\" \/>\n<meta property=\"og:image\" content=\"http:\/\/v-pro.be\/wp-content\/uploads\/2020\/03\/9d7f1f6066af4462924eae8183021e7a.jpg\" \/>\n\t<meta property=\"og:image:width\" content=\"270\" \/>\n\t<meta property=\"og:image:height\" content=\"270\" \/>\n\t<meta property=\"og:image:type\" content=\"image\/jpeg\" \/>\n<meta name=\"twitter:card\" content=\"summary_large_image\" \/>\n<script type=\"application\/ld+json\" class=\"yoast-schema-graph\">{\"@context\":\"https:\\\/\\\/schema.org\",\"@graph\":[{\"@type\":\"WebPage\",\"@id\":\"https:\\\/\\\/v-pro.be\\\/fr\\\/produit\\\/stihl-km-56-rc-e\\\/\",\"url\":\"https:\\\/\\\/v-pro.be\\\/fr\\\/produit\\\/stihl-km-56-rc-e\\\/\",\"name\":\"STIHL KM 56 RC-E - V-Pro\",\"isPartOf\":{\"@id\":\"https:\\\/\\\/v-pro.be\\\/fr\\\/#website\"},\"primaryImageOfPage\":{\"@id\":\"https:\\\/\\\/v-pro.be\\\/fr\\\/produit\\\/stihl-km-56-rc-e\\\/#primaryimage\"},\"image\":{\"@id\":\"https:\\\/\\\/v-pro.be\\\/fr\\\/produit\\\/stihl-km-56-rc-e\\\/#primaryimage\"},\"thumbnailUrl\":\"https:\\\/\\\/v-pro.be\\\/wp-content\\\/uploads\\\/2020\\\/03\\\/9d7f1f6066af4462924eae8183021e7a.jpg\",\"datePublished\":\"2021-03-04T15:22:02+00:00\",\"dateModified\":\"2023-01-04T12:46:30+00:00\",\"breadcrumb\":{\"@id\":\"https:\\\/\\\/v-pro.be\\\/fr\\\/produit\\\/stihl-km-56-rc-e\\\/#breadcrumb\"},\"inLanguage\":\"fr-FR\",\"potentialAction\":[{\"@type\":\"ReadAction\",\"target\":[\"https:\\\/\\\/v-pro.be\\\/fr\\\/produit\\\/stihl-km-56-rc-e\\\/\"]}]},{\"@type\":\"ImageObject\",\"inLanguage\":\"fr-FR\",\"@id\":\"https:\\\/\\\/v-pro.be\\\/fr\\\/produit\\\/stihl-km-56-rc-e\\\/#primaryimage\",\"url\":\"https:\\\/\\\/v-pro.be\\\/wp-content\\\/uploads\\\/2020\\\/03\\\/9d7f1f6066af4462924eae8183021e7a.jpg\",\"contentUrl\":\"https:\\\/\\\/v-pro.be\\\/wp-content\\\/uploads\\\/2020\\\/03\\\/9d7f1f6066af4462924eae8183021e7a.jpg\",\"width\":270,\"height\":270},{\"@type\":\"BreadcrumbList\",\"@id\":\"https:\\\/\\\/v-pro.be\\\/fr\\\/produit\\\/stihl-km-56-rc-e\\\/#breadcrumb\",\"itemListElement\":[{\"@type\":\"ListItem\",\"position\":1,\"name\":\"Home\",\"item\":\"https:\\\/\\\/v-pro.be\\\/fr\\\/\"},{\"@type\":\"ListItem\",\"position\":2,\"name\":\"CombiSyst\u00e8me\",\"item\":\"https:\\\/\\\/v-pro.be\\\/fr\\\/producten\\\/combisysteme\\\/\"},{\"@type\":\"ListItem\",\"position\":3,\"name\":\"STIHL KM 56 RC-E\"}]},{\"@type\":\"WebSite\",\"@id\":\"https:\\\/\\\/v-pro.be\\\/fr\\\/#website\",\"url\":\"https:\\\/\\\/v-pro.be\\\/fr\\\/\",\"name\":\"V-Pro\",\"description\":\"De tuinzaak bij uitstek\",\"publisher\":{\"@id\":\"https:\\\/\\\/v-pro.be\\\/fr\\\/#organization\"},\"potentialAction\":[{\"@type\":\"SearchAction\",\"target\":{\"@type\":\"EntryPoint\",\"urlTemplate\":\"https:\\\/\\\/v-pro.be\\\/fr\\\/?s={search_term_string}\"},\"query-input\":{\"@type\":\"PropertyValueSpecification\",\"valueRequired\":true,\"valueName\":\"search_term_string\"}}],\"inLanguage\":\"fr-FR\"},{\"@type\":\"Organization\",\"@id\":\"https:\\\/\\\/v-pro.be\\\/fr\\\/#organization\",\"name\":\"V-Pro Power Equipment\",\"url\":\"https:\\\/\\\/v-pro.be\\\/fr\\\/\",\"logo\":{\"@type\":\"ImageObject\",\"inLanguage\":\"fr-FR\",\"@id\":\"https:\\\/\\\/v-pro.be\\\/fr\\\/#\\\/schema\\\/logo\\\/image\\\/\",\"url\":\"https:\\\/\\\/v-pro.be\\\/wp-content\\\/uploads\\\/2020\\\/01\\\/logo_vpro.png\",\"contentUrl\":\"https:\\\/\\\/v-pro.be\\\/wp-content\\\/uploads\\\/2020\\\/01\\\/logo_vpro.png\",\"width\":867,\"height\":434,\"caption\":\"V-Pro Power Equipment\"},\"image\":{\"@id\":\"https:\\\/\\\/v-pro.be\\\/fr\\\/#\\\/schema\\\/logo\\\/image\\\/\"}}]}<\/script>\n<!-- \/ Yoast SEO plugin. -->","yoast_head_json":{"title":"STIHL KM 56 RC-E - V-Pro","robots":{"index":"index","follow":"follow","max-snippet":"max-snippet:-1","max-image-preview":"max-image-preview:large","max-video-preview":"max-video-preview:-1"},"canonical":"https:\/\/v-pro.be\/fr\/produit\/stihl-km-56-rc-e\/","og_locale":"fr_FR","og_type":"article","og_title":"STIHL KM 56 RC-E - V-Pro","og_url":"https:\/\/v-pro.be\/fr\/produit\/stihl-km-56-rc-e\/","og_site_name":"V-Pro","article_modified_time":"2023-01-04T12:46:30+00:00","og_image":[{"width":270,"height":270,"url":"http:\/\/v-pro.be\/wp-content\/uploads\/2020\/03\/9d7f1f6066af4462924eae8183021e7a.jpg","type":"image\/jpeg"}],"twitter_card":"summary_large_image","schema":{"@context":"https:\/\/schema.org","@graph":[{"@type":"WebPage","@id":"https:\/\/v-pro.be\/fr\/produit\/stihl-km-56-rc-e\/","url":"https:\/\/v-pro.be\/fr\/produit\/stihl-km-56-rc-e\/","name":"STIHL KM 56 RC-E - V-Pro","isPartOf":{"@id":"https:\/\/v-pro.be\/fr\/#website"},"primaryImageOfPage":{"@id":"https:\/\/v-pro.be\/fr\/produit\/stihl-km-56-rc-e\/#primaryimage"},"image":{"@id":"https:\/\/v-pro.be\/fr\/produit\/stihl-km-56-rc-e\/#primaryimage"},"thumbnailUrl":"https:\/\/v-pro.be\/wp-content\/uploads\/2020\/03\/9d7f1f6066af4462924eae8183021e7a.jpg","datePublished":"2021-03-04T15:22:02+00:00","dateModified":"2023-01-04T12:46:30+00:00","breadcrumb":{"@id":"https:\/\/v-pro.be\/fr\/produit\/stihl-km-56-rc-e\/#breadcrumb"},"inLanguage":"fr-FR","potentialAction":[{"@type":"ReadAction","target":["https:\/\/v-pro.be\/fr\/produit\/stihl-km-56-rc-e\/"]}]},{"@type":"ImageObject","inLanguage":"fr-FR","@id":"https:\/\/v-pro.be\/fr\/produit\/stihl-km-56-rc-e\/#primaryimage","url":"https:\/\/v-pro.be\/wp-content\/uploads\/2020\/03\/9d7f1f6066af4462924eae8183021e7a.jpg","contentUrl":"https:\/\/v-pro.be\/wp-content\/uploads\/2020\/03\/9d7f1f6066af4462924eae8183021e7a.jpg","width":270,"height":270},{"@type":"BreadcrumbList","@id":"https:\/\/v-pro.be\/fr\/produit\/stihl-km-56-rc-e\/#breadcrumb","itemListElement":[{"@type":"ListItem","position":1,"name":"Home","item":"https:\/\/v-pro.be\/fr\/"},{"@type":"ListItem","position":2,"name":"CombiSyst\u00e8me","item":"https:\/\/v-pro.be\/fr\/producten\/combisysteme\/"},{"@type":"ListItem","position":3,"name":"STIHL KM 56 RC-E"}]},{"@type":"WebSite","@id":"https:\/\/v-pro.be\/fr\/#website","url":"https:\/\/v-pro.be\/fr\/","name":"V-Pro","description":"De tuinzaak bij uitstek","publisher":{"@id":"https:\/\/v-pro.be\/fr\/#organization"},"potentialAction":[{"@type":"SearchAction","target":{"@type":"EntryPoint","urlTemplate":"https:\/\/v-pro.be\/fr\/?s={search_term_string}"},"query-input":{"@type":"PropertyValueSpecification","valueRequired":true,"valueName":"search_term_string"}}],"inLanguage":"fr-FR"},{"@type":"Organization","@id":"https:\/\/v-pro.be\/fr\/#organization","name":"V-Pro Power Equipment","url":"https:\/\/v-pro.be\/fr\/","logo":{"@type":"ImageObject","inLanguage":"fr-FR","@id":"https:\/\/v-pro.be\/fr\/#\/schema\/logo\/image\/","url":"https:\/\/v-pro.be\/wp-content\/uploads\/2020\/01\/logo_vpro.png","contentUrl":"https:\/\/v-pro.be\/wp-content\/uploads\/2020\/01\/logo_vpro.png","width":867,"height":434,"caption":"V-Pro Power Equipment"},"image":{"@id":"https:\/\/v-pro.be\/fr\/#\/schema\/logo\/image\/"}}]}},"_links":{"self":[{"href":"https:\/\/v-pro.be\/fr\/wp-json\/wp\/v2\/product\/40053","targetHints":{"allow":["GET"]}}],"collection":[{"href":"https:\/\/v-pro.be\/fr\/wp-json\/wp\/v2\/product"}],"about":[{"href":"https:\/\/v-pro.be\/fr\/wp-json\/wp\/v2\/types\/product"}],"replies":[{"embeddable":true,"href":"https:\/\/v-pro.be\/fr\/wp-json\/wp\/v2\/comments?post=40053"}],"wp:featuredmedia":[{"embeddable":true,"href":"https:\/\/v-pro.be\/fr\/wp-json\/wp\/v2\/media\/22282"}],"wp:attachment":[{"href":"https:\/\/v-pro.be\/fr\/wp-json\/wp\/v2\/media?parent=40053"}],"wp:term":[{"taxonomy":"product_brand","embeddable":true,"href":"https:\/\/v-pro.be\/fr\/wp-json\/wp\/v2\/product_brand?post=40053"},{"taxonomy":"product_cat","embeddable":true,"href":"https:\/\/v-pro.be\/fr\/wp-json\/wp\/v2\/product_cat?post=40053"},{"taxonomy":"product_tag","embeddable":true,"href":"https:\/\/v-pro.be\/fr\/wp-json\/wp\/v2\/product_tag?post=40053"}],"curies":[{"name":"wp","href":"https:\/\/api.w.org\/{rel}","templated":true}]}}

<p>Moteur CombiSystème léger, facile à manier avec poignée circulaire pour un usage universel. Avec procédure de démarrage simplifiée. Confort de démarrage augmenté par l&rsquo;ErgoStart (E). Facile à transporter et à ranger. Raccord à accouplement rapide pour le remplacement rapide de l&rsquo;outil. Adaptée pour tous les outils combi.</p>

<!-- This site is optimized with the Yoast SEO plugin v28.3 - https://yoast.com/product/yoast-seo-wordpress/ -->
<title>STIHL KM 56 RC-E - V-Pro</title>
<meta name="robots" content="index, follow, max-snippet:-1, max-image-preview:large, max-video-preview:-1" />
<link rel="canonical" href="https://v-pro.be/fr/produit/stihl-km-56-rc-e/" />
<meta property="og:locale" content="fr_FR" />
<meta property="og:type" content="article" />
<meta property="og:title" content="STIHL KM 56 RC-E - V-Pro" />
<meta property="og:url" content="https://v-pro.be/fr/produit/stihl-km-56-rc-e/" />
<meta property="og:site_name" content="V-Pro" />
<meta property="article:modified_time" content="2023-01-04T12:46:30+00:00" />
<meta property="og:image" content="http://v-pro.be/wp-content/uploads/2020/03/9d7f1f6066af4462924eae8183021e7a.jpg" />
	<meta property="og:image:width" content="270" />
	<meta property="og:image:height" content="270" />
	<meta property="og:image:type" content="image/jpeg" />
<meta name="twitter:card" content="summary_large_image" />
<script type="application/ld+json" class="yoast-schema-graph">{"@context":"https:\/\/schema.org","@graph":[{"@type":"WebPage","@id":"https:\/\/v-pro.be\/fr\/produit\/stihl-km-56-rc-e\/","url":"https:\/\/v-pro.be\/fr\/produit\/stihl-km-56-rc-e\/","name":"STIHL KM 56 RC-E - V-Pro","isPartOf":{"@id":"https:\/\/v-pro.be\/fr\/#website"},"primaryImageOfPage":{"@id":"https:\/\/v-pro.be\/fr\/produit\/stihl-km-56-rc-e\/#primaryimage"},"image":{"@id":"https:\/\/v-pro.be\/fr\/produit\/stihl-km-56-rc-e\/#primaryimage"},"thumbnailUrl":"https:\/\/v-pro.be\/wp-content\/uploads\/2020\/03\/9d7f1f6066af4462924eae8183021e7a.jpg","datePublished":"2021-03-04T15:22:02+00:00","dateModified":"2023-01-04T12:46:30+00:00","breadcrumb":{"@id":"https:\/\/v-pro.be\/fr\/produit\/stihl-km-56-rc-e\/#breadcrumb"},"inLanguage":"fr-FR","potentialAction":[{"@type":"ReadAction","target":["https:\/\/v-pro.be\/fr\/produit\/stihl-km-56-rc-e\/"]}]},{"@type":"ImageObject","inLanguage":"fr-FR","@id":"https:\/\/v-pro.be\/fr\/produit\/stihl-km-56-rc-e\/#primaryimage","url":"https:\/\/v-pro.be\/wp-content\/uploads\/2020\/03\/9d7f1f6066af4462924eae8183021e7a.jpg","contentUrl":"https:\/\/v-pro.be\/wp-content\/uploads\/2020\/03\/9d7f1f6066af4462924eae8183021e7a.jpg","width":270,"height":270},{"@type":"BreadcrumbList","@id":"https:\/\/v-pro.be\/fr\/produit\/stihl-km-56-rc-e\/#breadcrumb","itemListElement":[{"@type":"ListItem","position":1,"name":"Home","item":"https:\/\/v-pro.be\/fr\/"},{"@type":"ListItem","position":2,"name":"CombiSystème","item":"https:\/\/v-pro.be\/fr\/producten\/combisysteme\/"},{"@type":"ListItem","position":3,"name":"STIHL KM 56 RC-E"}]},{"@type":"WebSite","@id":"https:\/\/v-pro.be\/fr\/#website","url":"https:\/\/v-pro.be\/fr\/","name":"V-Pro","description":"De tuinzaak bij uitstek","publisher":{"@id":"https:\/\/v-pro.be\/fr\/#organization"},"potentialAction":[{"@type":"SearchAction","target":{"@type":"EntryPoint","urlTemplate":"https:\/\/v-pro.be\/fr\/?s={search_term_string}"},"query-input":{"@type":"PropertyValueSpecification","valueRequired":true,"valueName":"search_term_string"}}],"inLanguage":"fr-FR"},{"@type":"Organization","@id":"https:\/\/v-pro.be\/fr\/#organization","name":"V-Pro Power Equipment","url":"https:\/\/v-pro.be\/fr\/","logo":{"@type":"ImageObject","inLanguage":"fr-FR","@id":"https:\/\/v-pro.be\/fr\/#\/schema\/logo\/image\/","url":"https:\/\/v-pro.be\/wp-content\/uploads\/2020\/01\/logo_vpro.png","contentUrl":"https:\/\/v-pro.be\/wp-content\/uploads\/2020\/01\/logo_vpro.png","width":867,"height":434,"caption":"V-Pro Power Equipment"},"image":{"@id":"https:\/\/v-pro.be\/fr\/#\/schema\/logo\/image\/"}}]}</script>
<!-- / Yoast SEO plugin. -->

CombiSystème
