{"id":40057,"date":"2021-03-04T16:22:17","date_gmt":"2021-03-04T15:22:17","guid":{"rendered":"http:\/\/www.v-pro.be\/product\/stihl-hl-km-0\/"},"modified":"2023-01-04T13:46:43","modified_gmt":"2023-01-04T12:46:43","slug":"stihl-hl-km-0","status":"publish","type":"product","link":"https:\/\/v-pro.be\/fr\/produit\/stihl-hl-km-0\/","title":{"rendered":"STIHL HL-KM 0\u00b0"},"content":{"rendered":"<p>Outil Combi taille-haie du CombiSyst\u00e8me STIHL. Convient parfaitement \u00e0 la taille de haies d\u00e9coratives hautes et larges. Longueur de coupe de 50 cm, longueur totale de 107 cm, poids 1,6 kg.<\/p>\n","protected":false},"excerpt":{"rendered":"<p>HL-KM 0\u00b0<\/p>\n","protected":false},"featured_media":20875,"comment_status":"closed","ping_status":"open","template":"","meta":{"_acf_changed":false},"product_brand":[],"product_cat":[312],"product_tag":[],"class_list":["post-40057","product","type-product","status-publish","has-post-thumbnail","product_cat-combisysteme","first","instock","taxable","shipping-taxable","purchasable","product-type-simple"],"acf":[],"yoast_head":"<!-- This site is optimized with the Yoast SEO plugin v28.3 - https:\/\/yoast.com\/product\/yoast-seo-wordpress\/ -->\n<title>STIHL HL-KM 0\u00b0 - V-Pro<\/title>\n<meta name=\"robots\" content=\"index, follow, max-snippet:-1, max-image-preview:large, max-video-preview:-1\" \/>\n<link rel=\"canonical\" href=\"https:\/\/v-pro.be\/fr\/produit\/stihl-hl-km-0\/\" \/>\n<meta property=\"og:locale\" content=\"fr_FR\" \/>\n<meta property=\"og:type\" content=\"article\" \/>\n<meta property=\"og:title\" content=\"STIHL HL-KM 0\u00b0 - V-Pro\" \/>\n<meta property=\"og:url\" content=\"https:\/\/v-pro.be\/fr\/produit\/stihl-hl-km-0\/\" \/>\n<meta property=\"og:site_name\" content=\"V-Pro\" \/>\n<meta property=\"article:modified_time\" content=\"2023-01-04T12:46:43+00:00\" \/>\n<meta property=\"og:image\" content=\"http:\/\/v-pro.be\/wp-content\/uploads\/2020\/03\/51b6a12355f24379828b51da2e3139f0.jpg\" \/>\n\t<meta property=\"og:image:width\" content=\"270\" \/>\n\t<meta property=\"og:image:height\" content=\"182\" \/>\n\t<meta property=\"og:image:type\" content=\"image\/jpeg\" \/>\n<meta name=\"twitter:card\" content=\"summary_large_image\" \/>\n<script type=\"application\/ld+json\" class=\"yoast-schema-graph\">{\"@context\":\"https:\\\/\\\/schema.org\",\"@graph\":[{\"@type\":\"WebPage\",\"@id\":\"https:\\\/\\\/v-pro.be\\\/fr\\\/produit\\\/stihl-hl-km-0\\\/\",\"url\":\"https:\\\/\\\/v-pro.be\\\/fr\\\/produit\\\/stihl-hl-km-0\\\/\",\"name\":\"STIHL HL-KM 0\u00b0 - V-Pro\",\"isPartOf\":{\"@id\":\"https:\\\/\\\/v-pro.be\\\/fr\\\/#website\"},\"primaryImageOfPage\":{\"@id\":\"https:\\\/\\\/v-pro.be\\\/fr\\\/produit\\\/stihl-hl-km-0\\\/#primaryimage\"},\"image\":{\"@id\":\"https:\\\/\\\/v-pro.be\\\/fr\\\/produit\\\/stihl-hl-km-0\\\/#primaryimage\"},\"thumbnailUrl\":\"https:\\\/\\\/v-pro.be\\\/wp-content\\\/uploads\\\/2020\\\/03\\\/51b6a12355f24379828b51da2e3139f0.jpg\",\"datePublished\":\"2021-03-04T15:22:17+00:00\",\"dateModified\":\"2023-01-04T12:46:43+00:00\",\"breadcrumb\":{\"@id\":\"https:\\\/\\\/v-pro.be\\\/fr\\\/produit\\\/stihl-hl-km-0\\\/#breadcrumb\"},\"inLanguage\":\"fr-FR\",\"potentialAction\":[{\"@type\":\"ReadAction\",\"target\":[\"https:\\\/\\\/v-pro.be\\\/fr\\\/produit\\\/stihl-hl-km-0\\\/\"]}]},{\"@type\":\"ImageObject\",\"inLanguage\":\"fr-FR\",\"@id\":\"https:\\\/\\\/v-pro.be\\\/fr\\\/produit\\\/stihl-hl-km-0\\\/#primaryimage\",\"url\":\"https:\\\/\\\/v-pro.be\\\/wp-content\\\/uploads\\\/2020\\\/03\\\/51b6a12355f24379828b51da2e3139f0.jpg\",\"contentUrl\":\"https:\\\/\\\/v-pro.be\\\/wp-content\\\/uploads\\\/2020\\\/03\\\/51b6a12355f24379828b51da2e3139f0.jpg\",\"width\":270,\"height\":182},{\"@type\":\"BreadcrumbList\",\"@id\":\"https:\\\/\\\/v-pro.be\\\/fr\\\/produit\\\/stihl-hl-km-0\\\/#breadcrumb\",\"itemListElement\":[{\"@type\":\"ListItem\",\"position\":1,\"name\":\"Home\",\"item\":\"https:\\\/\\\/v-pro.be\\\/fr\\\/\"},{\"@type\":\"ListItem\",\"position\":2,\"name\":\"CombiSyst\u00e8me\",\"item\":\"https:\\\/\\\/v-pro.be\\\/fr\\\/producten\\\/combisysteme\\\/\"},{\"@type\":\"ListItem\",\"position\":3,\"name\":\"STIHL HL-KM 0\u00b0\"}]},{\"@type\":\"WebSite\",\"@id\":\"https:\\\/\\\/v-pro.be\\\/fr\\\/#website\",\"url\":\"https:\\\/\\\/v-pro.be\\\/fr\\\/\",\"name\":\"V-Pro\",\"description\":\"De tuinzaak bij uitstek\",\"publisher\":{\"@id\":\"https:\\\/\\\/v-pro.be\\\/fr\\\/#organization\"},\"potentialAction\":[{\"@type\":\"SearchAction\",\"target\":{\"@type\":\"EntryPoint\",\"urlTemplate\":\"https:\\\/\\\/v-pro.be\\\/fr\\\/?s={search_term_string}\"},\"query-input\":{\"@type\":\"PropertyValueSpecification\",\"valueRequired\":true,\"valueName\":\"search_term_string\"}}],\"inLanguage\":\"fr-FR\"},{\"@type\":\"Organization\",\"@id\":\"https:\\\/\\\/v-pro.be\\\/fr\\\/#organization\",\"name\":\"V-Pro Power Equipment\",\"url\":\"https:\\\/\\\/v-pro.be\\\/fr\\\/\",\"logo\":{\"@type\":\"ImageObject\",\"inLanguage\":\"fr-FR\",\"@id\":\"https:\\\/\\\/v-pro.be\\\/fr\\\/#\\\/schema\\\/logo\\\/image\\\/\",\"url\":\"https:\\\/\\\/v-pro.be\\\/wp-content\\\/uploads\\\/2020\\\/01\\\/logo_vpro.png\",\"contentUrl\":\"https:\\\/\\\/v-pro.be\\\/wp-content\\\/uploads\\\/2020\\\/01\\\/logo_vpro.png\",\"width\":867,\"height\":434,\"caption\":\"V-Pro Power Equipment\"},\"image\":{\"@id\":\"https:\\\/\\\/v-pro.be\\\/fr\\\/#\\\/schema\\\/logo\\\/image\\\/\"}}]}<\/script>\n<!-- \/ Yoast SEO plugin. -->","yoast_head_json":{"title":"STIHL HL-KM 0\u00b0 - V-Pro","robots":{"index":"index","follow":"follow","max-snippet":"max-snippet:-1","max-image-preview":"max-image-preview:large","max-video-preview":"max-video-preview:-1"},"canonical":"https:\/\/v-pro.be\/fr\/produit\/stihl-hl-km-0\/","og_locale":"fr_FR","og_type":"article","og_title":"STIHL HL-KM 0\u00b0 - V-Pro","og_url":"https:\/\/v-pro.be\/fr\/produit\/stihl-hl-km-0\/","og_site_name":"V-Pro","article_modified_time":"2023-01-04T12:46:43+00:00","og_image":[{"width":270,"height":182,"url":"http:\/\/v-pro.be\/wp-content\/uploads\/2020\/03\/51b6a12355f24379828b51da2e3139f0.jpg","type":"image\/jpeg"}],"twitter_card":"summary_large_image","schema":{"@context":"https:\/\/schema.org","@graph":[{"@type":"WebPage","@id":"https:\/\/v-pro.be\/fr\/produit\/stihl-hl-km-0\/","url":"https:\/\/v-pro.be\/fr\/produit\/stihl-hl-km-0\/","name":"STIHL HL-KM 0\u00b0 - V-Pro","isPartOf":{"@id":"https:\/\/v-pro.be\/fr\/#website"},"primaryImageOfPage":{"@id":"https:\/\/v-pro.be\/fr\/produit\/stihl-hl-km-0\/#primaryimage"},"image":{"@id":"https:\/\/v-pro.be\/fr\/produit\/stihl-hl-km-0\/#primaryimage"},"thumbnailUrl":"https:\/\/v-pro.be\/wp-content\/uploads\/2020\/03\/51b6a12355f24379828b51da2e3139f0.jpg","datePublished":"2021-03-04T15:22:17+00:00","dateModified":"2023-01-04T12:46:43+00:00","breadcrumb":{"@id":"https:\/\/v-pro.be\/fr\/produit\/stihl-hl-km-0\/#breadcrumb"},"inLanguage":"fr-FR","potentialAction":[{"@type":"ReadAction","target":["https:\/\/v-pro.be\/fr\/produit\/stihl-hl-km-0\/"]}]},{"@type":"ImageObject","inLanguage":"fr-FR","@id":"https:\/\/v-pro.be\/fr\/produit\/stihl-hl-km-0\/#primaryimage","url":"https:\/\/v-pro.be\/wp-content\/uploads\/2020\/03\/51b6a12355f24379828b51da2e3139f0.jpg","contentUrl":"https:\/\/v-pro.be\/wp-content\/uploads\/2020\/03\/51b6a12355f24379828b51da2e3139f0.jpg","width":270,"height":182},{"@type":"BreadcrumbList","@id":"https:\/\/v-pro.be\/fr\/produit\/stihl-hl-km-0\/#breadcrumb","itemListElement":[{"@type":"ListItem","position":1,"name":"Home","item":"https:\/\/v-pro.be\/fr\/"},{"@type":"ListItem","position":2,"name":"CombiSyst\u00e8me","item":"https:\/\/v-pro.be\/fr\/producten\/combisysteme\/"},{"@type":"ListItem","position":3,"name":"STIHL HL-KM 0\u00b0"}]},{"@type":"WebSite","@id":"https:\/\/v-pro.be\/fr\/#website","url":"https:\/\/v-pro.be\/fr\/","name":"V-Pro","description":"De tuinzaak bij uitstek","publisher":{"@id":"https:\/\/v-pro.be\/fr\/#organization"},"potentialAction":[{"@type":"SearchAction","target":{"@type":"EntryPoint","urlTemplate":"https:\/\/v-pro.be\/fr\/?s={search_term_string}"},"query-input":{"@type":"PropertyValueSpecification","valueRequired":true,"valueName":"search_term_string"}}],"inLanguage":"fr-FR"},{"@type":"Organization","@id":"https:\/\/v-pro.be\/fr\/#organization","name":"V-Pro Power Equipment","url":"https:\/\/v-pro.be\/fr\/","logo":{"@type":"ImageObject","inLanguage":"fr-FR","@id":"https:\/\/v-pro.be\/fr\/#\/schema\/logo\/image\/","url":"https:\/\/v-pro.be\/wp-content\/uploads\/2020\/01\/logo_vpro.png","contentUrl":"https:\/\/v-pro.be\/wp-content\/uploads\/2020\/01\/logo_vpro.png","width":867,"height":434,"caption":"V-Pro Power Equipment"},"image":{"@id":"https:\/\/v-pro.be\/fr\/#\/schema\/logo\/image\/"}}]}},"_links":{"self":[{"href":"https:\/\/v-pro.be\/fr\/wp-json\/wp\/v2\/product\/40057","targetHints":{"allow":["GET"]}}],"collection":[{"href":"https:\/\/v-pro.be\/fr\/wp-json\/wp\/v2\/product"}],"about":[{"href":"https:\/\/v-pro.be\/fr\/wp-json\/wp\/v2\/types\/product"}],"replies":[{"embeddable":true,"href":"https:\/\/v-pro.be\/fr\/wp-json\/wp\/v2\/comments?post=40057"}],"wp:featuredmedia":[{"embeddable":true,"href":"https:\/\/v-pro.be\/fr\/wp-json\/wp\/v2\/media\/20875"}],"wp:attachment":[{"href":"https:\/\/v-pro.be\/fr\/wp-json\/wp\/v2\/media?parent=40057"}],"wp:term":[{"taxonomy":"product_brand","embeddable":true,"href":"https:\/\/v-pro.be\/fr\/wp-json\/wp\/v2\/product_brand?post=40057"},{"taxonomy":"product_cat","embeddable":true,"href":"https:\/\/v-pro.be\/fr\/wp-json\/wp\/v2\/product_cat?post=40057"},{"taxonomy":"product_tag","embeddable":true,"href":"https:\/\/v-pro.be\/fr\/wp-json\/wp\/v2\/product_tag?post=40057"}],"curies":[{"name":"wp","href":"https:\/\/api.w.org\/{rel}","templated":true}]}}

<p>Outil Combi taille-haie du CombiSystème STIHL. Convient parfaitement à la taille de haies décoratives hautes et larges. Longueur de coupe de 50 cm, longueur totale de 107 cm, poids 1,6 kg.</p>

<!-- This site is optimized with the Yoast SEO plugin v28.3 - https://yoast.com/product/yoast-seo-wordpress/ -->
<title>STIHL HL-KM 0° - V-Pro</title>
<meta name="robots" content="index, follow, max-snippet:-1, max-image-preview:large, max-video-preview:-1" />
<link rel="canonical" href="https://v-pro.be/fr/produit/stihl-hl-km-0/" />
<meta property="og:locale" content="fr_FR" />
<meta property="og:type" content="article" />
<meta property="og:title" content="STIHL HL-KM 0° - V-Pro" />
<meta property="og:url" content="https://v-pro.be/fr/produit/stihl-hl-km-0/" />
<meta property="og:site_name" content="V-Pro" />
<meta property="article:modified_time" content="2023-01-04T12:46:43+00:00" />
<meta property="og:image" content="http://v-pro.be/wp-content/uploads/2020/03/51b6a12355f24379828b51da2e3139f0.jpg" />
	<meta property="og:image:width" content="270" />
	<meta property="og:image:height" content="182" />
	<meta property="og:image:type" content="image/jpeg" />
<meta name="twitter:card" content="summary_large_image" />
<script type="application/ld+json" class="yoast-schema-graph">{"@context":"https:\/\/schema.org","@graph":[{"@type":"WebPage","@id":"https:\/\/v-pro.be\/fr\/produit\/stihl-hl-km-0\/","url":"https:\/\/v-pro.be\/fr\/produit\/stihl-hl-km-0\/","name":"STIHL HL-KM 0° - V-Pro","isPartOf":{"@id":"https:\/\/v-pro.be\/fr\/#website"},"primaryImageOfPage":{"@id":"https:\/\/v-pro.be\/fr\/produit\/stihl-hl-km-0\/#primaryimage"},"image":{"@id":"https:\/\/v-pro.be\/fr\/produit\/stihl-hl-km-0\/#primaryimage"},"thumbnailUrl":"https:\/\/v-pro.be\/wp-content\/uploads\/2020\/03\/51b6a12355f24379828b51da2e3139f0.jpg","datePublished":"2021-03-04T15:22:17+00:00","dateModified":"2023-01-04T12:46:43+00:00","breadcrumb":{"@id":"https:\/\/v-pro.be\/fr\/produit\/stihl-hl-km-0\/#breadcrumb"},"inLanguage":"fr-FR","potentialAction":[{"@type":"ReadAction","target":["https:\/\/v-pro.be\/fr\/produit\/stihl-hl-km-0\/"]}]},{"@type":"ImageObject","inLanguage":"fr-FR","@id":"https:\/\/v-pro.be\/fr\/produit\/stihl-hl-km-0\/#primaryimage","url":"https:\/\/v-pro.be\/wp-content\/uploads\/2020\/03\/51b6a12355f24379828b51da2e3139f0.jpg","contentUrl":"https:\/\/v-pro.be\/wp-content\/uploads\/2020\/03\/51b6a12355f24379828b51da2e3139f0.jpg","width":270,"height":182},{"@type":"BreadcrumbList","@id":"https:\/\/v-pro.be\/fr\/produit\/stihl-hl-km-0\/#breadcrumb","itemListElement":[{"@type":"ListItem","position":1,"name":"Home","item":"https:\/\/v-pro.be\/fr\/"},{"@type":"ListItem","position":2,"name":"CombiSystème","item":"https:\/\/v-pro.be\/fr\/producten\/combisysteme\/"},{"@type":"ListItem","position":3,"name":"STIHL HL-KM 0°"}]},{"@type":"WebSite","@id":"https:\/\/v-pro.be\/fr\/#website","url":"https:\/\/v-pro.be\/fr\/","name":"V-Pro","description":"De tuinzaak bij uitstek","publisher":{"@id":"https:\/\/v-pro.be\/fr\/#organization"},"potentialAction":[{"@type":"SearchAction","target":{"@type":"EntryPoint","urlTemplate":"https:\/\/v-pro.be\/fr\/?s={search_term_string}"},"query-input":{"@type":"PropertyValueSpecification","valueRequired":true,"valueName":"search_term_string"}}],"inLanguage":"fr-FR"},{"@type":"Organization","@id":"https:\/\/v-pro.be\/fr\/#organization","name":"V-Pro Power Equipment","url":"https:\/\/v-pro.be\/fr\/","logo":{"@type":"ImageObject","inLanguage":"fr-FR","@id":"https:\/\/v-pro.be\/fr\/#\/schema\/logo\/image\/","url":"https:\/\/v-pro.be\/wp-content\/uploads\/2020\/01\/logo_vpro.png","contentUrl":"https:\/\/v-pro.be\/wp-content\/uploads\/2020\/01\/logo_vpro.png","width":867,"height":434,"caption":"V-Pro Power Equipment"},"image":{"@id":"https:\/\/v-pro.be\/fr\/#\/schema\/logo\/image\/"}}]}</script>
<!-- / Yoast SEO plugin. -->

CombiSystème
